hat is the thousands digit of (-10 - 231/(-22))*29*2504?
6
Suppose 5*q + l + 188 = 0, -2*q + 0*l = 5*l + 66. Let f = q + 45. Suppose f - 22 = -p + 5*s, -5*p + 2*s + 144 = 0. What is the units digit of p?
0
Suppose 4*b - 68785 = -5*p, -68794 = -0*b - 4*b - 2*p. What is the ten thousands digit of b?
1
Let n = -12290 - -32927. What is the thousands digit of n?
0
Let j(p) be the second derivative of -p**5/20 + 7*p**4/6 + 3*p**3 + p**2 + p - 5. Let u = 20 - 5. What is the tens digit of j(u)?
4
Let m(n) = 16*n - 12. Let v be m(1). Suppose 2*p + 3*i = 5*i + 560, 1116 = v*p - 3*i. What is the units digit of p?
6
Suppose 4*p = 4*d + 9*p - 25243, 5*d = -2*p + 31558. Suppose 21*k - 13*k = d. What is the hundreds digit of k?
7
Suppose 97899 = 2*g - 5*b, 2*g + 5*b - 35754 - 62215 = 0. What is the units digit of g?
7
Let f(v) = -11*v - 289. Let n be f(-27). Suppose 0 = -n*a + 6*a + q + 1017, 0 = 3*a - q - 1525. What is the units digit of a?
8
Suppose -150*a = -157*a. Suppose a = 2*z - 572 - 1186. What is the hundreds digit of z?
8
What is the hundreds digit of (-35*16)/((-174)/(-364) + 16/(-32))?
4
Let y(j) = -354*j - 486. What is the hundreds digit of y(-20)?
5
Suppose 6071 = -96*l + 99*l + v, 2*v = 5*l - 10100. What is the units digit of l?
2
Suppose -40646 + 7972 = -r + 4*u, 5*u = 15. What is the hundreds digit of r?
6
Suppose 4*o = -5*q - 7, -2*o - q = 2*o - 5. Suppose 4*i - 2 = -5*u, 0 = 3*i + 2*u - u - 7. Suppose -3*r = i*n - 252, 3*n - o = -8. What is the units digit of r?
6
Suppose -44*o + 49*o = 93352 + 13963. What is the hundreds digit of o?
4
Let g = 11 - 11. Suppose 4*w - 1 - 7 = g. Suppose w*o - 4*o + 50 = 0. What is the tens digit of o?
2
Suppose -10 = 11*b - 16*b. Suppose -132 = -5*j + b*j. What is the tens digit of j?
4
Let o(j) = 20644*j + 2120. What is the ten thousands digit of o(1)?
2
Suppose 5*m + 5 = 2*c + 1, -2*m + 3*c - 6 = 0. Let p be (0 + 1 + 0)*(6 - 4). Suppose -p*z + 7*z - 400 = m. What is the tens digit of z?
8
Let b be 6/(-8) - 3433/4. Let h = 958 + b. What is the units digit of h?
9
Let o(q) be the first derivative of -q**4/4 - 22*q**3/3 + 9*q**2/2 - 23*q + 51. What is the units digit of o(-23)?
9
Suppose 3*i - 1184 = 256. Suppose i = y + 5*l, 3*y + 3*l = 6*y - 1368. Suppose -4*j + 5*r + 213 = -y, 2*r - 332 = -2*j. What is the units digit of j?
7
Suppose 4*d - 1188 = -3*x, 3*d - 17 = 2*x - 792. Suppose -v + 3*v = -554. Let o = v + x. What is the units digit of o?
5
Suppose -4*j + 0*j = 3*k - 1683, -5*k = 5*j - 2100. Suppose -5*g + 1233 = j. Suppose -3*i - 3*o = -4*i + g, 4*i - 618 = 2*o. What is the hundreds digit of i?
1
Suppose -4*l = u + l + 19, -1 = -2*u + 3*l. What is the units digit of (-3)/u + (-3126)/(-24)?
1
Suppose -6 = -3*t, s - 5*s - 3*t + 22 = 0. Let f(p) be the first derivative of 8*p**3/3 - 2*p**2 + 4*p + 1. What is the tens digit of f(s)?
1
Let l(n) = -n**3 + 20*n**2 - 65*n + 14. Let y be l(16). What is the hundreds digit of (17 - -91) + 1*(y - 1)?
1
Suppose 0 = j - 2*x - 11725, 2*j - 332*x - 23440 = -333*x. What is the hundreds digit of j?
7
Let m = -18683 - -60741. What is the hundreds digit of m?
0
Suppose 5*c + 14 + 111 = 5*m, 0 = m - 2*c - 22. Suppose -9*k + m*k = 7923. What is the units digit of k?
7
Let z be (6 - 1) + (514 - 3). Let u = -134 + z. What is the units digit of u?
2
Let s = -845 - -1390. Let d = s - 319. What is the units digit of d?
6
Suppose -2*p - 4*k + 3392 = 2*p, -p = -3*k - 860. What is the tens digit of p?
5
Let x(n) = 8*n**2 + 0*n**3 - 9*n + 0 - 12 + 2*n**3 - n**3. Let g be x(-9). What is the units digit of 9/g - 310/(-8)?
8
Suppose 220*p - 1552 = 216*p. Suppose 0*t + 579 = -3*t. Let l = t + p. What is the tens digit of l?
9
Suppose -3*h + 24498 + 20099 = 5*b, 5*b + 74435 = 5*h. What is the units digit of h?
9
Suppose 4*t - 24 = -p - 115, 5*t + 125 = p. What is the hundreds digit of t/(-6)*1047/12?
3
Let m(w) = -32 + 2*w**2 + 3*w + 55 - 28. Let v(d) = d - 16. Let y be v(8). What is the tens digit of m(y)?
9
Let r(l) = 50*l + 43. Let w(d) = -254*d - 215. Let y(p) = -11*r(p) - 2*w(p). What is the tens digit of y(-7)?
5
Let m = -113 + 113. Suppose m = -12*p - 4*p + 2672. What is the units digit of p?
7
Let o(r) = -24*r - 3. Let j be o(-1). Suppose 20*p - j*p + 350 = 0. Suppose 4*l + 2*x = p, 3*x - 87 - 13 = -l. What is the units digit of l?
5
Suppose 7298 + 42499 = 3*w. What is the hundreds digit of w?
5
Let k(a) = 4*a**2 - a. Let n be k(1). Let z be 1/n + 288/27. Suppose 3*x - 196 = -z*x. What is the tens digit of x?
1
Suppose -6*f + 8 = -4*f, 0 = -3*p - f + 3307. Suppose -p = -3*b + 5*u - 281, b + 3*u = 250. Suppose -6*d = -35 - b. What is the units digit of d?
0
Suppose -t = 5*u - 26, -5*t + 20 = 4*u - 5. Let p be 5/((-15)/(-66)) + t. Suppose -156 = p*q - 26*q. What is the tens digit of q?
5
Let u = 3689 + -1813. Suppose -3*d + 2 = -4*d, -3*d = 2*j - u. What is the hundreds digit of j?
9
Let z = 15 - 10. Let i(t) = -25*t + 175. Let h be i(7). Suppose -237 = -z*l - 4*o + 353, h = 3*l + 3*o - 351. What is the hundreds digit of l?
1
What is the thousands digit of 66/(-12)*-2857 - (-5)/(-10)*5?
5
Let f = -1831 - -3582. Suppose 3*t + 9*u - f = 5*u, 0 = -4*t - 4*u + 2340. What is the units digit of t?
9
Let u = 3212 + 1749. What is the tens digit of u?
6
Suppose -202*x - 27965 = -5*c - 197*x, -3*x + 5569 = c. What is the thousands digit of c?
5
Suppose 7*g = 2*g + q + 2315, 2*g - 948 = -4*q. Suppose 6*h - 628 = g. What is the units digit of h?
2
Suppose -12*u - 7*u - 57 = 0. What is the tens digit of (-4)/4*-372 + u + 1?
7
What is the units digit of (-5 - -1)*((-12)/(-96) + 813/(-8))?
6
Suppose -a + 0 = 5. What is the hundreds digit of 154260/150 + 2/a?
0
Let b(q) = q**2 + 5*q - 12. Let x be b(-7). Suppose -134 - 440 = -x*w. Suppose -w = -2*z + 301. What is the units digit of z?
4
Let z(v) = 44*v**2 - 170*v + 89. What is the tens digit of z(17)?
1
Let v(s) = 43*s - 30. Let m be v(24). Let p = -560 + m. What is the tens digit of p?
4
Suppose -351*d = -423*d + 2692656. What is the units digit of d?
8
Let k be -6*(-3)/(-6) - -475. Suppose -16*t + 9*t + 42 = 0. Suppose -i = -4*x - t*i + k, -20 = -5*i. What is the tens digit of x?
1
Let o = -131 - -131. Suppose 0 = 5*n - 3*h - 65 + 25, 5*n - h - 30 = 0. Suppose -4*f - 54 + 466 = 4*d, -n*f - 3*d + 513 = o. What is the tens digit of f?
0
Suppose -87*k = -692419 - 823817. What is the hundreds digit of k?
4
What is the ten thousands digit of (-2)/(((-4)/(-102328))/(4/(-16)))?
1
Let o = 124105 - 49225. What is the tens digit of o?
8
Let v(i) = -4*i**2 - 5. Let u be v(-10). What is the units digit of 0/1 - ((-27)/3 + u)?
4
Suppose -u + 45 + 47 = -5*p, 2*u - p = 175. Let j(n) = -14*n - 3. Let f be j(4). Let z = f + u. What is the tens digit of z?
2
Let b(z) = 50397*z**2 - 172*z + 172. What is the ten thousands digit of b(1)?
5
Let l(t) = t**3 - 16*t**2 - 13*t - 69. Let b be l(17). Let w(u) = 531*u**2 + 5*u + 7. What is the units digit of w(b)?
3
Let h(v) = 45*v**2 + 3*v - 2. Suppose -11 = -4*c - 5*w, 3*w = -6 + 3. Let z be -2*(5 - c)*-1. What is the units digit of h(z)?
4
Let m(b) = -b**3 + 10*b**2 + 32*b + 48. Suppose 0 = -5*y - 3*t - 52, -3 = -y + 5*t + 9. What is the units digit of m(y)?
4
What is the tens digit of (-2 - 3)/(-5)*15/(-15) + 54869?
6
Let d(x) = -114 - x + 0*x + 113. Let g be d(-10). Let f(p) = 2*p**2 - 12*p + 8. What is the units digit of f(g)?
2
What is the hundreds digit of 8054/((-40)/4500*-25)?
2
Let u(a) = 4*a**3 - 19*a**2 - 29*a + 21. What is the thousands digit of u(13)?
5
Suppose -60*r + 57*r + 7875 = 0. Suppose 12*c - r = 2271. What is the hundreds digit of c?
4
Suppose 25*h = 28*h + 30. What is the units digit of h/(-80) + 4471/8?
9
What is the thousands digit of (2 + -1915)/((-266)/9044)?
5
Let r = -6987 + 7413. What is the units digit of r?
6
Let u(a) = -a**3 - 5*a**2 + 2*a - 14. Let j be u(-6). Suppose 2*s - j*s = -24. Suppose -96 = -d - 4*o, 3*d + s*o = 37 + 233. What is the units digit of d?
8
Suppose 52*z + 88*z + 4532158 = 12641238. What is the hundreds digit of z?
9
Let w = -16 - -18. Suppose -2*c + 48 = 3*s + s, 5*s + 30 = w*c. Suppose -2*v + 364 = 3*k, -c = -6*k + k. What is the tens digit of v?
7
Suppose -89198 = -15*f + 1342. What is the units digit of f?
6
Suppose 13*o - 105 = -2666. What is the tens digit 